(0 - -10) + (1342 - 1329).
23
-10 + (2 - (0 - 5) - 1)
-4
What is the value of -24 + 10 - (8 - 9)?
-13
What is the value of -26 - 2 - (-65 + 53)?
-16
What is -4 - (6 + (0 + -2 - (26 + 1)))?
19
What is the value of -2 + 2 + 16 + -15?
1
What is the value of 26 + (-39 - -65) + -17?
35
What is (-22 - (-9 - -33)) + 13?
-33
What is the value of (-14 - 0) + -451 + 454 - (13 - 1)?
-23
Evaluate 37 - (-25 + 25 + 15).
22
Evaluate 20 + -33 + 23 + -6.
4
(-10 - 4) + (-38 - -67)
15
Calculate 7 - 6 - (10 + 9 + -15).
-3
(11 - 0) + -13 + (0 - -3)
1
What is the value of (34 - 6) + (-2 - (9 + 3))?
14
What is the value of (-678 - -752) + (-43 - 1)?
30
Calculate -14 + (-21 + 19 - -36).
20
What is 6 + (-3 - (0 - -8)) - 0?
-5
What is (-40 + 56 - (-1 + 9)) + -22?
-14
7 - (-21 - -34) - 6
-12
What is the value of 4 + 0 + 137 + -142?
-1
Evaluate -28 + (-17 - (12 - 74)).
17
What is (1 - (2 - 12)) + -25?
-14
What is the value of 567 - 561 - (2 + (-1 - -1))?
4
Evaluate 5 + -1 - (5 - (1 + 3 + 9)).
12
What is the value of 7 + 22 + -24 - 25?
-20
What is -34 + (-3 - (-1 - 12)) + (23 - 24)?
-25
What is the value of 29 - (4 - (7 - 17))?
15
Calculate (10 - 23 - -15) + 11 + 0 + 0.
13
-7 + 18 + -18 + 13 + (-14 - -3)
-5
Calculate -16 + 10 + -12 + 4 + 0.
-14
What is (4 - -2) + (8 + -1 - -8) + -10?
11
What is 97 + -105 + (-1 - -19)?
10
What is 0 + 4 - (-1 + 4 + 8 + -19)?
12
What is the value of -1 + (-23 - -8) + -2 + (8 - 2)?
-12
Calculate -3 + (2 - 9 - -10 - 3).
-3
What is the value of 11 + 1 + -1 - 18 - 31?
-38
What is (-11 - -24) + (-1 - (-13 - -2))?
23
Evaluate (18 + 8 - 2 - 6) + 13.
31
What is (-9 + -13 - -5) + -23 + 13?
-27
What is the value of -20 + -9 + (4 - -4) + 6?
-15
8 - -1 - (-8 - -3 - 2)
16
(1 - -1) + (-25 - -14)
-9
Evaluate -15 - 2 - (27 - 46) - 10.
-8
Evaluate (-75 - -1) + 76 - (-1 - 15).
18
What is -11 - (-28 - (-26 + -17))?
-26
Calculate 0 + 4 - 1 - (3 + -52 + 35).
17
-10 - (-12 + -48 + 29)
21
Evaluate (7 + 0 - -1) + (1 - (2 + 1)).
6
What is 8 - (3 + (-6 - 3 - -6) + 11)?
-3
What is the value of -9 + (20 - 2 - 19)?
-10
(10 - -2) + -22 + -2 + 10
-2
What is (19 - (1 - -17)) + -18?
-17
Calculate 25 - 17 - (-3 - -6) - 4.
1
What is -4 - (0 - 0 - (-51 + 57) - 23)?
25
Evaluate -13 + -1 - -27 - 6.
7
What is (10 - (-5 + 4 + 4)) + -16?
-9
What is the value of -36 + 38 + (-3 + 0 - 7)?
-8
What is the value of -1 + 9 - (140 + -149)?
17
Evaluate -30 - ((30 - 18) + -77).
35
What is -10 - (-9 + -5) - 1?
3
Evaluate (18 - (16 - -13)) + 16.
5
Calculate -1 + 41 + (-31 - 3).
6
50 + (-97 - -49) - (-19 + 1)
20
Evaluate 11 + 4 + 14 - 48.
-19
Evaluate 13 + 16 + 5 + -8.
26
Calculate (-178 - -184) + (0 + 7 + 0 - -2).
15
(-28 - (-19 - -9)) + 27
9
-2 + (-7 - (-1 - 8) - -4)
4
What is (18 - 25 - 0) + -11?
-18
What is 0 + -2 + 6 - (1 + -13)?
16
What is the value of -37 + (7 - -26) - -39?
35
Evaluate -2 + (6 - (7 - 0)).
-3
What is the value of -2 + 7 + (-1 + 21 - (67 - 31))?
-11
What is the value of 40 + -34 - (1 + (1 - -2) + -6)?
8
Evaluate (-9 + 10 - (-3 + 9)) + -10.
-15
Calculate -217 - -214 - (-2 + -19).
18
Evaluate -26 + 12 + 9 - (-9 - 1).
5
What is the value of -19 + 4 + 8 - -2?
-5
Calculate (15 - -4) + -4 - (14 + -9 - 2).
12
5 + 4 + (17 - 11)
15
-10 - (10 + -45 + 15 + -7 + 0)
17
Evaluate (-2 - -1 - (-10 + 25)) + 7 + 6.
-3
Evaluate (-4 - (22 + -4)) + -186 + 189.
-19
What is (-7 - (-8 + (4 - (4 + 2)))) + -24?
-21
Calculate -8 + (17 - 12) + 13.
10
What is 14 - 22 - -5 - (1 - (30 + -5))?
21
What is (-41 + 37 - (3 - 5 - -8)) + -16?
-26
-19 + -3 + 22 + (7 - 1)
6
What is 0 - (-9 + 2) - (46 - 38)?
-1
Evaluate -11 + (-10 - (7 + -24)).
-4
What is 20 - (548 - 544 - (-1 - (-3 + 0)))?
18
What is 1 + (-25 - -14) + 29 - -14?
33
-17 + 9 + 13 + -19
-14
What is -81 - (5 + -78) - (-2 + 2 + -3)?
-5
Evaluate -4 + (-15 + 19 - (-1 - (-10 - -3))).
-6
Calculate -34 + 2 - (9 - (32 + -12)).
-21
What is the value of -1 + -5 - (-15 - (-18 + 22))?
13
What is the value of -18 + 4 + (-9 - -35) - 13?
-1
What is the value of -9 + -9 + 10 + 16?
8
(28 - (33 - 19)) + -12 + 1
3
25 + (1 + -1 - 6)
19
What is -19 - -9 - (-21 - (-16 + -15))?
-20
Evaluate 11 - (-21 + 1 + 13 + 1).
17
Calculate 1 + -1 - (-6 + 6 - 3).
3
-6 + (18 - (-23 - -21))
14
-20 - (-4 - ((6 - 3) + -9))
-22
-5 + 12 + (12 + 0 - 4)
15
Calculate 20 - (-23 + (13 - 5) - -15).
20
Calculate -13 + -11 - (-3 - (-1 - -5 - 9)).
-26
Calculate 16 - ((25 - 4) + 0 + -13).
8
Calculate -5 + 7 - (220 + -204).
-14
Calculate 44 + -56 - (3 - (12 + -5)).
-8
Calculate -10 - (1 - 10 - (15 - 18)).
-4
Evaluate -20 + 25 - -15 - 33.
-13
Calculate 23 + 6 + -3 + -9 + 1 + 2.
20
3 - (-12 - (9 + -16))
8
Calculate 8 - 25 - (-4 - 1).
-12
What is 15 + -12 + (-1 - 5) + 6?
3
-7 + (1 + -18 - -17)
-7
What is the value of -15 - (-5 + 19 - -1 - 16)?
-14
What is -1 - 3 - (-15 - (-21 + 12))?
2
What is the value of (-5 - 4) + (175 - 135)?
31
Evaluate 1 + 14 + (-1 - 20) + 15.
9
Evaluate 15 - (-12 - (-9 + -7)).
11
What is -12 + (38 - 14) + 0 + -6 + 14?
20
What is the value of -5 + -13 - (-22 - 5)?
9
What is the value of (0 + 0 - 0) + (9 - (24 + -24))?
9
Evaluate (-3 + 5 - -2) + -1.
3
What is the value of -5 + (-5 - (-1 - 8)) + -12 - 0?
-13
What is the value of (4 - 5) + (-7 - -2) + 5 + -9?
-10
12 + -28 + -1 + 1 + 5 + -2
-13
What is 38 + 0 + -31 + 11?
18
What is -9 - -1 - (-26 + -27 + 34)?
11
Calculate (0 - 5) + (12 - (-13 + 31)).
-11
What is the value of 9 + 6 + (-16 - 0)?
-1
Evaluate -27 + 31 + (-2 - 3) + 12.
11
Evaluate 11 - (23 + 26 + -26).
-12
What is -7 - -14 - (-2 - -5)?
4
-7 + (9 - 18) + 5
-11
Evaluate -335 + 336 - (-1 - (-21 - 0)).
-19
What is 37 + -25 - (4 + 0) - -9?
17
What is the value of -18 + 7 + -4 - (-7 + 6)?
-14
(-8 - 12 - -4) + -4
-20
What is 3 + -3 + 30 + -38 + 0?
-8
Calculate -19 - ((26 - 14) + -43).
12
Calculate 5 - ((-9 - -23) + -8).
-1
What is the value of -11 + 0 + 12 + -9 + -11?
-19
What is -5 + 5 + 6 - (7 + -8)?
7
What is (-1 - 40) + (27 - (30 - 19))?
-25
Evaluate (19 - (20 - 6)) + (10 - 1).
14
Evaluate 17 - (31 - (5 - -8)).
-1
Evaluate 43 - 36 - (-7 + -4).
18
What is 18 + (8 + -11 - -2) - -5?
22
Calculate -10 + (-1 - -3) + 26 + 0.
18
What is the value of 243 - 254 - (-2 + (-2 - -12))?
-19
-5 + 2 + 8 + 0 + (-27 - -43)
21
What is 8 - (1 - (-8 + (0 - -4)))?
3
(3 - -28) + -16 - 11
4
What is the value of (7 - (7 - (1 + -2))) + (13 - 12)?
0
What is the value of (-7 - -10) + (-11 - (-6 - (-1 + -2)))?
-5
Calculate -12 - (4 + -2 - 16).
2
Evaluate -6 + 6 + 20 - 0.
20
Calculate (9 - 1) + 18 + -7 + -8.
11
Calculate 2 + -2 + 20 - (5 - (-14 + 17)).
18
What is the value of 21 - 0 - (-39 - -46) - 0?
14
Calculate (-31 - (-26 + -31)) + -52.
-26
Evaluate (0 - -2) + 3 + -22.
-17
Evaluate -1 + (-10 - (-12 - 13)).
14
What is the value of 8 + 0 + -8 + -16 - -5?
-11
Calculate -1 - (-7 - (-1 + 2)) - 4.
3
What is (1 - 2) + (10 - (-4 - -2))?
11
What is the value of (0 - -32) + (8 - 36)?
4
What is the value of (15 - 10 - -4) + 16 - (7 + -4)?
22
Calculate (4 - -14) + 3 + (-1 - 8).
12
What is the value of 10 + -6 + 10 - (-1 + 4)?
11
Calculate 31 + (16 - 7) + (2 - 4).
38
Calculate 7 + -4 + -8 + 3 + 7.
5
Evaluate (-23 - -31) + -13 + (-1 - -3).
-3
Calculate (-13 + 10 - 11) + 8.
-6
(0 - (-14 + 6 + 28)) + 5
-15
Calculate 0 - (2 + (6 - (9 - -4))) - 5.
0
Evaluate 5 - (-10 + 25) - -8 - (1 + 2).
-5
What is -8 + (24 - 8) - (0 + 4)?
4
Evaluate -32 - (8 + -10 + -16 + 5).
-19
What is 3 - (15 + -4 - 5) - 5?
-8
Evaluate 6 - 5 - ((-7 - -2) + 10) - 7.
-11
Calculate -187 + 200 - (13 - 0) - 1.
-1
What is 43 + 18 + (-15 - 0) + -11?
35
What is 128 + -125 + (-2 - 2)?
-1
What is 1 + -7 - (8 + 18 + -20)?
-12
Evaluate 2 + -4 + -1 + (10 - 12) - -17.
12
What is -7 + 14 + -2 - (6 + -3 - -8)?
-6
What is (15 - 2) + (-229 - -211)?
-5
Evaluate -13 - (-244 - -239 - (0 - -2)).
-6
What is the value of -1 - (1 - ((1 - 2) + 11 + -4))?
4
Calculate 5 - ((-19 - -11) + 19) - -34.
28
What is the value of -8 + -31 + 74 + -23?
12
Evaluate (2 - -3) + 9 + (-9 + 9 - 5).
9
What is the value of (-48 - -55 - -38) + -25?
20
27 + -1 + -149 + 131
8
(43 + -26 - 2) + -10
5
What is ((1 - 10) + 10 - 9) + -7?
-15
Evaluate 3 - 6 - 7 - (-170 - -160).
0
Evaluate (30 + -24 - 33 - -27) + (0 - 12).
-12
(-18 + 11 - -10) + 5
8
Calculate (-19 - (-13 - 14)) + 14.
22
What is 11 + -1 - (-52 - -65)?
-3
What is -3 - ((37 - 9) + -17 - 19)?
5
Evaluate -2 + (10 - (-5 + 2)) + 48 + -51.
8
W